 48 = 5*y - 3*y + w. Suppose 6*k - y = 13. Calculate the remainder when m(2) is divided by k.
4
Let x = 290 + -268. What is the remainder when 91 is divided by x?
3
Let z(u) = 16*u - 2. Let g(w) = 58*w - 949. Calculate the remainder when z(7) is divided by g(17).
36
Let c(y) = 13*y + 39. Calculate the remainder when 986 is divided by c(-2).
11
Let z = -1 + 5. Suppose -y = -z - 2. Calculate the remainder when 7 is divided by (-1)/(-1 + y/8).
3
Let v be ((-104)/10)/(4/(-40)). Let f = -96 + v. Calculate the remainder when 31 is divided by f.
7
Let p = -72 - -101. Let c = -81 + 195. Calculate the remainder when c is divided by p.
27
Let b = 5 + 41. Suppose 5*p + b = 7*p. Calculate the remainder when 43 is divided by p.
20
Let i be 1 + 2/((-2)/27). Suppose -165 = -2*x + 5*m, x = 4*m + 48 + 42. Let o = i + x. What is the remainder when o is divided by 15?
14
Let v(o) = o**3 - o**2 - 7*o - 12. Calculate the remainder when 122 is divided by v(5).
16
Let w = 93 - -26. Suppose -26*k + 19*k + w = 0. Let q(y) = y**2 - 3*y - 8. Calculate the remainder when k is divided by q(6).
7
What is the remainder when 152 is divided by 44/14*((-8)/16 - -4)?
9
Suppose 5 = 2*c + 1, 0 = 2*y + 5*c - 320. Calculate the remainder when y is divided by 40.
35
Suppose 6*c - c + 10 = -2*l, 3*l + 4*c = -22. Calculate the remainder when 46 is divided by (-1 + 0)/(1/l).
6
Suppose -2*m + f - 4*f = 9, f - 4 = -3*m. Let i(k) = 2 + 0 + 3*k + 0. Calculate the remainder when 20 is divided by i(m).
9
Let a = -14 - 22. Let x = a + 177. Calculate the remainder when x is divided by 18.
15
Let q = 0 + 5. Suppose 4*m - 3 = x + 14, 0 = q*x + 3*m - 30. Suppose 5*z - 5*w = 135, 2*w - 1 = x. Calculate the remainder when z is divided by 16.
13
Let c(u) be the first derivative of u**5/5 - u**3/3 - 8*u + 5. Let x(o) be the first derivative of c(o). Calculate the remainder when x(2) is divided by 8.
4
Suppose -5*f + 11 + 184 = 0. Calculate the remainder when f is divided by 7.
4
Suppose 124*w - 1035 = 115*w. What is the remainder when w is divided by 9?
7
Suppose -s = -2*d + 4*d - 3, -5*d + 4 = -s. Suppose 0 = 3*j + 5*u - 28 - 18, u - 5 = 0. Calculate the remainder when (s/(-1))/(4/(-44)) is divided by j.
4
Let p(z) = 4*z**2 - z - 16. Calculate the remainder when p(-4) is divided by 18.
16
Let o be 17 + (0/(-2) - -1). Suppose -5*r + o = -2, 4*r = 4*y - 12. Calculate the remainder when 18 is divided by y.
4
Suppose v = 5*k - 342, -5*k - 134 = -7*k - v. Calculate the remainder when 539 is divided by k.
63
Let g(b) = -28*b + 9. Let h be g(-2). Let m = h - 42. What is the remainder when 90 is divided by m?
21
Let x(k) be the first derivative of -k**4/4 + 2*k**3 - k**2 - 2*k - 2. Calculate the remainder when x(5) is divided by 5.
3
Let m = 123 - -188. Calculate the remainder when m is divided by 12.
11
Let q(h) = -h**2 - 14*h + 9. Suppose 5*m - 2*t - 2*t + 296 = 0, -3*m + 3*t = 180. Let b be (12/4)/(12/m). Calculate the remainder when q(b) is divided by 3.
0
Let l(c) = c**2 + c + 4. Suppose -z + 2*z + 4*n = -5, 4*z + 3*n - 6 = 0. Calculate the remainder when (102/85)/(2/100) is divided by l(z).
12
Let v = 52 - 123. Let i = v + 104. Suppose -4*z = -b + i, -3*b - 39 + 170 = 4*z. Calculate the remainder when b is divided by 15.
11
Calculate the remainder when 90/4 + 1/2 is divided by -14*(1/(-3) - 22/42).
11
Suppose 0 = 9*n - 10*n + 5. Suppose 3 + n = 4*u, 55 = -3*l + 2*u. Let d = l + 25. What is the remainder when 23 is divided by d?
7
Let m(s) be the third derivative of s**5/60 + 7*s**4/24 + 2*s**3/3 + s**2. Let j be m(-7). Let r = 3 + j. Calculate the remainder when 11 is divided by r.
4
Suppose r - 4*k = -0*r - 10, k = 3*r + 8. Let a(n) = 3*n**2 + 3*n + 3. What is the remainder when 3*(16/(-24))/(r/26) is divided by a(-2)?
8
Suppose 11*n - 5148 = 1155. What is the remainder when n is divided by 24?
21
Suppose -27*c = -c - 2600. Calculate the remainder when c is divided by 56.
44
Let z(p) = p**3 - 2*p**2. Let n be z(1). Let s = n + 21. Calculate the remainder when s is divided by 8.
4
Let r(a) = 4*a + 5. Let d be r(-5). Let k be 4/(-6)*d/2. What is the remainder when (k/5)/(2/26) is divided by 7?
6
Suppose 4*d + 195 = -d. What is the remainder when d/9*2/2*-9 is divided by 21?
18
Let x(h) = 6*h + 17 + 6*h**2 + h - 5*h**2. Let r be x(-7). Let s(w) = 2*w - 20. What is the remainder when 41 is divided by s(r)?
13
Let f = -2 + 4. Suppose -n = -82 + 79. What is the remainder when n is divided by f?
1
Let m(d) = -d**2 - 8*d. Let l be m(6). Let k = -51 - l. What is the remainder when 62 is divided by k?
29
Suppose -36 = -4*g - 0*g. Let k(a) = 12*a - 34. Let w = -7 - -32. Calculate the remainder when k(g) is divided by w.
24
Suppose 2*s - 2 - 8 = 0. Let c(q) = -3*q**2 - 6*q + 4*q + s*q**2 - 3. Calculate the remainder when c(4) is divided by 11.
10
Let z be 321/2 - (-2)/(-4). Suppose -2*m + z = 2*m. Suppose -3*y + 11 = -m. Calculate the remainder when y is divided by 5.
2
Let m = -1770 + 1848. Calculate the remainder when 387 is divided by m.
75
Let q be (-117 + 1)*(-11 - -4 - -5). Suppose -3*i + 278 = -91. Let k = q - i. Calculate the remainder when k is divided by 28.
25
Calculate the remainder when 151 is divided by (-10)/(1*6/(-24)).
31
Let x(l) = 3*l**2 - 5*l - 13. Suppose 12 + 17 = 4*z - u, 5*z - 34 = 2*u. Calculate the remainder when x(z) is divided by 28.
27
Let y = 82 + -44. Suppose -y - 12 = -2*u. What is the remainder when 98 is divided by u?
23
Suppose -331 = -26*c + 7. Calculate the remainder when 60 is divided by c.
8
Suppose 4*r = -4*l + 1040, 5*r + 13 + 241 = l. What is the remainder when l is divided by 20?
19
Let y = -16 - -16. Let c = y + 5. Let x = c + 10. Calculate the remainder when 27 is divided by x.
12
What is the remainder when 1*3/(-15) + 1788/15 is divided by 16?
7
Let l(n) = 2*n**2 - 4*n + 1. Let x = 16 + -12. What is the remainder when l(x) is divided by 9?
8
Let l = 1117 - 1045. Calculate the remainder when 503 is divided by l.
71
Suppose 84*j - 208 - 1556 = 0. What is the remainder when 51 is divided by j?
9
Suppose 2*f = 2*z - 148, -2*z + 376 = -5*f - 0*f. Let h = 139 + f. Calculate the remainder when h is divided by 23.
17
Suppose 0 = 197*b - 194*b - 561. Let g = b + -117. What is the remainder when g is divided by 36?
34
Suppose -4*s = 4*m - 16, 4*m - 3*s = -0*s + 2. Suppose 108 = j + 3*f, 3*j + m*f = -f + 354. Calculate the remainder when j is divided by 25.
23
Let u = -237 + 786. Calculate the remainder when u is divided by 29.
27
Let j(l) = 2*l**3 - 2*l**2 - 17*l + 40. Calculate the remainder when j(6) is divided by 50.
48
Let s be 6 - 8 - (-1 - 132). Let n = s - 78. Calculate the remainder when n is divided by 18.
17
Suppose 3*m + 25 = 3*a + a, -2*a = m - 5. Let j(x) = -x + 2. What is the remainder when 9 is divided by j(m)?
4
Let x = 21318 - 21296. Suppose -2*t - 3*t + 31 = 2*u, 0 = -5*u - 10. What is the remainder when x is divided by t?
1
Let v = 27 + -16. Let o = 6 - v. Let s = 1 - o. Calculate the remainder when 21 is divided by s.
3
Let a(t) = -14*t + 10. Suppose 8*q + 132 = 20. Calculate the remainder when a(q) is divided by 52.
50
Suppose 30*v = 23*v + 651. Calculate the remainder when 555 is divided by v.
90
Let x = 5 + 1. Let s(h) = 4*h - 13. Calculate the remainder when 53 is divided by s(x).
9
Suppose 2*c + 2*b + 138 = 0, 4*c = 5*b - 52 - 224. Let j = -54 - c. Calculate the remainder when 88 is divided by j.
13
Let o = 3 - 2. Suppose 4*b = 2*f + 46, -5*b + 4*f + 47 = 5*f. What is the remainder when (o/(-3))/((-1)/87) is divided by b?
9
Suppose 78 = 2*h - h. Suppose 2*o - 3*o = -10. What is the remainder when 3/(-9)*h*-1 is divided by o?
6
Let q(d) = 4*d**3 - 4*d**2 + 10*d - 6. Let n(h) = -h**3 - 2*h**2 - h + 1. Let s(y) = -3*n(y) - q(y). Calculate the remainder when 178 is divided by s(3).
43
Let l(t) = -t**3 - 4*t**2 - t - 4. What is the remainder when l(-6) is divided by 2?
0
Let b(c) = c - 2. Let o be b(-3). Suppose 3*a = 5*x + 69, 100 - 4 = 5*a - 2*x. Let w = a + o. Calculate the remainder when 25 is divided by w.
12
Let y(a) = a**3 + 12*a**2 + 7*a + 24. What is the remainder when 128 is divided by y(-11)?
60
Let x(n) = -4*n**3 - 5*n**2 - 5*n - 4. Let m be x(-3). Suppose 0 = -3*l - a + 3*a + 55, -4*l + m = -3*a. Calculate the remainder when 19 is divided 